{"id":6278,"date":"2018-02-25T18:48:43","date_gmt":"2018-02-25T17:48:43","guid":{"rendered":"http:\/\/alpin-pro.at\/?page_id=6278"},"modified":"2024-11-06T10:10:31","modified_gmt":"2024-11-06T09:10:31","slug":"impressum","status":"publish","type":"page","link":"https:\/\/alpin-pro.at\/en\/impressum\/","title":{"rendered":"Imprint"},"content":{"rendered":"<p><section   class=\"fw-main-row-custom fw-main-row-top  fw_theme_bg_fw-custom fw-section-image fw-section-height-md  fw-section-position-back tf-sh-9cb23faee7a13dff3c3970ea3ae27697\"  style=\" background-image:url(https:\/\/alpin-pro.at\/wp-content\/uploads\/2018\/02\/alpinpro-aussicht.jpg); background-repeat: no-repeat; background-position: center center; background-size: cover;\"  >\n\t\t\t<div class=\"fw-container-fluid\" >\n\t\t\t<\/div>\n\t<\/section><section   class=\"fw-main-row-custom  auto  fw-section-position-back tf-sh-ff6ef1bc138cc2eb0faefc1be4753104\"    >\n\t\t\t<div class=\"fw-container\" >\n\t\t<div class=\"fw-row\">\n\t<div id=\"column-69f45ba9524b0\" class=\"fw-col-sm-12 tf-sh-2018473abe6cbabb7a52405b534c9893\" >\n\t<div class=\"fw-wrap-col-inner clearfix\"   >\n\t\t\t\t<div class=\"fw-col-inner\">\n\t\t\t<div class=\"fw-heading fw-heading-left  tf-sh-ab1c6ba18d522ac0ec2089409c62cea6\" >\n\t\t\t<h1 class=\"fw-special-title\">Imprint<\/h1>\n\t\n\t\n\t<\/div>\t\t<\/div>\n\t<\/div>\n<\/div><\/div>\n\n<div class=\"fw-row\">\n\t<div id=\"column-69f45ba9527a6\" class=\"fw-col-sm-4 tf-sh-b32cd371258e8df50d79aaa70c522660\" >\n\t<div class=\"fw-wrap-col-inner clearfix\"   >\n\t\t\t\t<div class=\"fw-col-inner\">\n\t\t\t<div class=\"fw-text-box tf-sh-9fe17a2bbd941eca754009693bfe187f\" >\n\t<div class=\"fw-text-inner\">\n\t\t<p><strong>Christian Wartusch<br \/><\/strong>St. Mang Stra\u00dfe 46b<br \/>AT - 6600 Lechaschau<\/p>\n<p><strong>Telefon:<\/strong> +43 (0)676 746 02 46<br \/><strong>E-Mail:<\/strong><a href=\"\/en\/&\/#x6d;&#x61;&#105;l&#x74;&#x6f;&#58;ch&#x72;&#x69;&#115;t&#x69;&#x61;&#110;&#64;a&#x6c;&#x70;&#105;n&#x2d;&#x70;&#114;&#111;&#46;&#x61;&#x74;\">&#x63;&#104;r&#x69;&#115;t&#x69;&#97;n&#x40;&#x61;&#108;&#x70;&#x69;&#110;-&#x70;&#114;o&#x2e;&#97;t<\/a><\/p>\n\t<\/div>\n<\/div>\t\t<\/div>\n\t<\/div>\n<\/div><\/div>\n\n\t<\/div>\n\t<\/section><section   class=\"fw-main-row-custom  fw_theme_bg_color_5 auto  fw-section-position-back tf-sh-141366966cb85bad1d406bee174aa05d\"    >\n\t\t\t<div class=\"fw-container\" >\n\t\t<div class=\"fw-row\">\n\t<div id=\"column-69f45ba952cb6\" class=\"fw-col-sm-6 tf-sh-b48884890b5927fd64d931cf3335640a\" >\n\t<div class=\"fw-wrap-col-inner clearfix\"   >\n\t\t\t\t<div class=\"fw-col-inner\">\n\t\t\t<div class=\"fw-text-box tf-sh-c737b46c4d3051637b74d8e528307bdb\" >\n\t<div class=\"fw-text-inner\">\n\t\t<p><strong>Inhaltlich Verantwortliche:<br \/><\/strong>Christian Wartusch<\/p>\n<p><strong>Bildnachweise<br \/><\/strong>\u00a9 Pixabay<br \/>\u00a9 Freepik<br \/>\u00a9 Michiel Rotgans<\/p>\n<p><strong>Icon-Font Nachweis<br \/><\/strong>\u00a9 Dave Gandy | <a href=\"http:\/\/scripts.sil.org\/cms\/scripts\/page.php?site_id=nrsi&amp;id=OFL\" target=\"_blank\" rel=\"noopener\">lizenziert SIL OFL 1.1<\/a>, <a href=\"https:\/\/opensource.org\/licenses\/mit-license.php\" target=\"_blank\" rel=\"noopener\">Code MIT-License<\/a>, <a href=\"http:\/\/creativecommons.org\/licenses\/by\/3.0\/legalcode\" target=\"_blank\" rel=\"noopener\">CC by 3.0<\/a><\/p>\n<p><strong>Hinweis zur Streitbeilegung<\/strong><br \/>Die Europ\u00e4ische Kommission stellt unter \u201e<a href=\"http:\/\/ec.europa.eu\/consumers\/odr\/\" target=\"_blank\" rel=\"noopener\">http:\/\/ec.europa.eu\/consumers\/odr\/<\/a>\u201c eine Plattform zur au\u00dfergerichtlichen Online-Streitbeilegung (sog. OS-Plattform) bereit.<\/p>\n<p><strong>Information nach dem Verbraucherstreitbeilegungsgesetz (VSBG)<\/strong><br \/>Wir sind zur Teilnahme an einem Streitbeilegungsverfahren vor einer Verbraucherschlichtungsstelle weder bereit noch verpflichtet.<\/p>\n<p><strong>Haftungshinweis<\/strong><br \/>Die Inhalte unserer Seiten wurden mit gr\u00f6\u00dfter Sorgfalt erstellt. F\u00fcr die Richtigkeit, Vollst\u00e4ndigkeit und Aktualit\u00e4t der Inhalte k\u00f6nnen wir jedoch keine Gew\u00e4hr \u00fcbernehmen. Als Diensteanbieter sind wir gem\u00e4\u00df \u00a7 7 Abs.1 TMG f\u00fcr eigene Inhalte auf diesen Seiten nach den allgemeinen Gesetzen verantwortlich. Nach \u00a7\u00a7 8 bis 10 TMG sind wir als Diensteanbieter jedoch nicht verpflichtet, \u00fcbermittelte oder gespeicherte fremde Informationen zu \u00fcberwachen oder nach Umst\u00e4nden zu forschen, die auf eine rechtswidrige T\u00e4tigkeit hinweisen. Verpflichtungen zur Entfernung oder Sperrung der Nutzung von Informationen nach den allgemeinen Gesetzen bleiben hiervon unber\u00fchrt. Eine diesbez\u00fcgliche Haftung ist jedoch erst ab dem Zeitpunkt der Kenntnis einer konkreten Rechtsverletzung m\u00f6glich. Bei Bekanntwerden von entsprechenden Rechtsverletzungen werden wir diese Inhalte umgehend entfernen.<\/p>\n<p>Unser Angebot enth\u00e4lt Links zu externen Webseiten Dritter, auf deren Inhalte wir keinen Einfluss haben. Deshalb k\u00f6nnen wir f\u00fcr diese fremden Inhalte auch keine Gew\u00e4hr \u00fcbernehmen. F\u00fcr die Inhalte der verlinkten Seiten ist stets der jeweilige Anbieter oder Betreiber der Seiten verantwortlich. Die verlinkten Seiten wurden zum Zeitpunkt der Verlinkung auf m\u00f6gliche Rechtsverst\u00f6\u00dfe \u00fcberpr\u00fcft. Rechtswidrige Inhalte waren zum Zeitpunkt der Verlinkung nicht erkennbar. Eine permanente inhaltliche Kontrolle der verlinkten Seiten ist jedoch ohne konkrete Anhaltspunkte einer Rechtsverletzung nicht zumutbar. Bei Bekanntwerden von Rechtsverletzungen werden wir derartige Links umgehend entfernen.<\/p>\n\t<\/div>\n<\/div>\t\t<\/div>\n\t<\/div>\n<\/div><div id=\"column-69f45ba952edb\" class=\"fw-col-sm-6 tf-sh-bf08be405439e4ec2e77b20bee5be5f8\" >\n\t<div class=\"fw-wrap-col-inner clearfix\"   >\n\t\t\t\t<div class=\"fw-col-inner\">\n\t\t\t<div class=\"fw-text-box tf-sh-d09eb27a27378709e05f7740ef5444e7\" >\n\t<div class=\"fw-text-inner\">\n\t\t<p><strong>Urheberrecht<\/strong><br \/>Die durch die Seitenbetreiber erstellten bzw. verwendeten Inhalte und Werke auf diesen Seiten unterliegen dem deutschen Urheberrecht. Die Vervielf\u00e4ltigung, Bearbeitung, Verbreitung und jede Art der Verwertung au\u00dferhalb der Grenzen des Urheberrechtes bed\u00fcrfen der Zustimmung des jeweiligen Autors bzw. Erstellers. Downloads und Kopien dieser Seite sind nur f\u00fcr den privaten, nicht kommerziellen Gebrauch gestattet. Soweit die Inhalte auf dieser Seite nicht vom Betreiber erstellt wurden, werden die Urheberrechte Dritter beachtet. Insbesondere werden Inhalte Dritter als solche gekennzeichnet. Sollten Sie trotzdem auf eine Urheberrechtsverletzung aufmerksam werden, bitten wir um einen entsprechenden Hinweis. Bei Bekanntwerden von Rechtsverletzungen werden wir derartige Inhalte umgehend entfernen.<\/p>\n<p><strong>\u00a9 Copyright<br \/><\/strong>Alle Rechte vorbehalten. Text, Bilder, Grafiken, Sound, Animationen und Videos sowie deren Anordnung unterliegen dem Schutz des Urheberrechts und anderer Schutzgesetze. Der Inhalt dieser Webseites darf nicht zu kommerziellen Zwecken kopiert, verbreitet, ver\u00e4ndert oder Dritten zug\u00e4nglich gemacht werden.<\/p>\n<p><strong>Privacy statement<br \/><\/strong>Die Betreiber dieser Seiten nehmen den Schutz Ihrer pers\u00f6nlichen Daten sehr ernst. Wir behandeln Ihre personenbezogenen Daten vertraulich und entsprechend der gesetzlichen Datenschutzvorschriften sowie dieser <a href=\"https:\/\/alpin-pro.at\/en\/datenschutz\/\">Privacy statement<\/a>.<\/p>\n<p>Sollten zuk\u00fcnftig \u00c4nderungen unserer Datenschutzerkl\u00e4rung vorgenommen werden, so werden die \u00c4nderungen stets auf diesen Seiten zu finden sein.<\/p>\n<p>Die Nutzung unserer Webseite ist in der Regel ohne Angabe personenbezogener Daten m\u00f6glich. Soweit auf unseren Seiten personenbezogene Daten (beispielsweise Name, Anschrift oder E-Mail-Adressen) erhoben werden, erfolgt dies, soweit m\u00f6glich, stets auf freiwilliger Basis. Diese Daten werden ohne Ihre ausdr\u00fcckliche Zustimmung nicht an Dritte weitergegeben.<\/p>\n<p>Wir weisen darauf hin, dass die Daten\u00fcbertragung im Internet (z.B. bei der Kommunikation per E-Mail) Sicherheitsl\u00fccken aufweisen kann. Ein l\u00fcckenloser Schutz der Daten vor dem Zugriff durch Dritte ist nicht m\u00f6glich.<\/p>\n<p><strong>Kontaktformular<br \/><\/strong>Wenn Sie uns per Kontaktformular Anfragen zukommen lassen, werden Ihre Angaben aus dem Anfrageformular inklusive der von Ihnen dort angegebenen Kontaktdaten zwecks Bearbeitung der Anfrage und f\u00fcr den Fall von Anschlussfragen bei uns gespeichert. Diese Daten geben wir nicht ohne Ihre Einwilligung weiter.<\/p>\n\t<\/div>\n<\/div>\t\t<\/div>\n\t<\/div>\n<\/div><\/div>\n\n\t<\/div>\n\t<\/section><section   class=\"fw-main-row  auto  fw-section-position-back\"    >\n\t\t\t<div class=\"fw-container\" >\n\t\t<div class=\"fw-row\">\n\t<div id=\"column-69f45ba953369\" class=\"fw-col-sm-12 tf-sh-2018473abe6cbabb7a52405b534c9893\" >\n\t<div class=\"fw-wrap-col-inner clearfix\"   >\n\t\t\t\t<div class=\"fw-col-inner\">\n\t\t\t<div class=\"fw-text-box tf-sh-58294577318244a5ee1a9e0b01f3ca3b\" >\n\t<div class=\"fw-text-inner\">\n\t\t\t<\/div>\n<\/div>\t\t<\/div>\n\t<\/div>\n<\/div><\/div>\n\n\t<\/div>\n\t<\/section><\/p>","protected":false},"excerpt":{"rendered":"<p>Impressum Christian WartuschSt. Mang Stra\u00dfe 46bAT &#8211; 6600 Lechaschau Telefon: +43 (0)676 746 02 46E-Mail:&#99;&#x68;&#x72;i&#115;&#x74;i&#97;&#x6e;&#x40;&#97;&#x6c;&#x70;i&#110;&#x2d;p&#114;&#x6f;&#x2e;&#97;&#x74; Inhaltlich Verantwortliche:Christian Wartusch Bildnachweise\u00a9 Pixabay\u00a9 Freepik\u00a9 Michiel Rotgans Icon-Font Nachweis\u00a9 Dave Gandy | lizenziert SIL OFL 1.1, Code MIT-License, CC by 3.0 Hinweis zur StreitbeilegungDie Europ\u00e4ische Kommission stellt unter \u201ehttp:\/\/ec.europa.eu\/consumers\/odr\/\u201c eine Plattform zur au\u00dfergerichtlichen Online-Streitbeilegung (sog. OS-Plattform) bereit. Information nach [&hellip;]<\/p>","protected":false},"author":1,"featured_media":0,"parent":0,"menu_order":0,"comment_status":"closed","ping_status":"closed","template":"visual-builder-template.php","meta":{"_seopress_robots_primary_cat":""},"_links":{"self":[{"href":"https:\/\/alpin-pro.at\/en\/wp-json\/wp\/v2\/pages\/6278"}],"collection":[{"href":"https:\/\/alpin-pro.at\/en\/wp-json\/wp\/v2\/pages"}],"about":[{"href":"https:\/\/alpin-pro.at\/en\/wp-json\/wp\/v2\/types\/page"}],"author":[{"embeddable":true,"href":"https:\/\/alpin-pro.at\/en\/wp-json\/wp\/v2\/users\/1"}],"replies":[{"embeddable":true,"href":"https:\/\/alpin-pro.at\/en\/wp-json\/wp\/v2\/comments?post=6278"}],"version-history":[{"count":10,"href":"https:\/\/alpin-pro.at\/en\/wp-json\/wp\/v2\/pages\/6278\/revisions"}],"predecessor-version":[{"id":7802,"href":"https:\/\/alpin-pro.at\/en\/wp-json\/wp\/v2\/pages\/6278\/revisions\/7802"}],"wp:attachment":[{"href":"https:\/\/alpin-pro.at\/en\/wp-json\/wp\/v2\/media?parent=6278"}],"curies":[{"name":"wp","href":"https:\/\/api.w.org\/{rel}","templated":true}]}}

<p><section   class="fw-main-row-custom fw-main-row-top  fw_theme_bg_fw-custom fw-section-image fw-section-height-md  fw-section-position-back tf-sh-9cb23faee7a13dff3c3970ea3ae27697"  style=" background-image:url(https://alpin-pro.at/wp-content/uploads/2018/02/alpinpro-aussicht.jpg); background-repeat: no-repeat; background-position: center center; background-size: cover;"  >
			<div class="fw-container-fluid" >
			</div>
	</section><section   class="fw-main-row-custom  auto  fw-section-position-back tf-sh-ff6ef1bc138cc2eb0faefc1be4753104"    >
			<div class="fw-container" >
		<div class="fw-row">
	<div id="column-69f45ba9524b0" class="fw-col-sm-12 tf-sh-2018473abe6cbabb7a52405b534c9893" >
	<div class="fw-wrap-col-inner clearfix"   >
				<div class="fw-col-inner">
			<div class="fw-heading fw-heading-left  tf-sh-ab1c6ba18d522ac0ec2089409c62cea6" >
			<h1 class="fw-special-title">Imprint</h1>
	
	
	</div>		</div>
	</div>
</div></div>

<div class="fw-row">
	<div id="column-69f45ba9527a6" class="fw-col-sm-4 tf-sh-b32cd371258e8df50d79aaa70c522660" >
	<div class="fw-wrap-col-inner clearfix"   >
				<div class="fw-col-inner">
			<div class="fw-text-box tf-sh-9fe17a2bbd941eca754009693bfe187f" >
	<div class="fw-text-inner">
		<p><strong>Christian Wartusch<br /></strong>St. Mang Straße 46b<br />AT - 6600 Lechaschau</p>
<p><strong>Telefon:</strong> +43 (0)676 746 02 46<br /><strong>E-Mail:</strong><a href="/en/&/#x6d;&#x61;&#105;l&#x74;&#x6f;&#58;ch&#x72;&#x69;&#115;t&#x69;&#x61;&#110;&#64;a&#x6c;&#x70;&#105;n&#x2d;&#x70;&#114;&#111;&#46;&#x61;&#x74;">&#x63;&#104;r&#x69;&#115;t&#x69;&#97;n&#x40;&#x61;&#108;&#x70;&#x69;&#110;-&#x70;&#114;o&#x2e;&#97;t</a></p>
	</div>
</div>		</div>
	</div>
</div></div>

	</div>
	</section><section   class="fw-main-row-custom  fw_theme_bg_color_5 auto  fw-section-position-back tf-sh-141366966cb85bad1d406bee174aa05d"    >
			<div class="fw-container" >
		<div class="fw-row">
	<div id="column-69f45ba952cb6" class="fw-col-sm-6 tf-sh-b48884890b5927fd64d931cf3335640a" >
	<div class="fw-wrap-col-inner clearfix"   >
				<div class="fw-col-inner">
			<div class="fw-text-box tf-sh-c737b46c4d3051637b74d8e528307bdb" >
	<div class="fw-text-inner">
		<p><strong>Inhaltlich Verantwortliche:<br /></strong>Christian Wartusch</p>
<p><strong>Bildnachweise<br /></strong>© Pixabay<br />© Freepik<br />© Michiel Rotgans</p>
<p><strong>Icon-Font Nachweis<br /></strong>© Dave Gandy | <a href="http://scripts.sil.org/cms/scripts/page.php?site_id=nrsi&amp;id=OFL" target="_blank" rel="noopener">lizenziert SIL OFL 1.1</a>, <a href="https://opensource.org/licenses/mit-license.php" target="_blank" rel="noopener">Code MIT-License</a>, <a href="http://creativecommons.org/licenses/by/3.0/legalcode" target="_blank" rel="noopener">CC by 3.0</a></p>
<p><strong>Hinweis zur Streitbeilegung</strong><br />Die Europäische Kommission stellt unter „<a href="http://ec.europa.eu/consumers/odr/" target="_blank" rel="noopener">http://ec.europa.eu/consumers/odr/</a>“ eine Plattform zur außergerichtlichen Online-Streitbeilegung (sog. OS-Plattform) bereit.</p>
<p><strong>Information nach dem Verbraucherstreitbeilegungsgesetz (VSBG)</strong><br />Wir sind zur Teilnahme an einem Streitbeilegungsverfahren vor einer Verbraucherschlichtungsstelle weder bereit noch verpflichtet.</p>
<p><strong>Haftungshinweis</strong><br />Die Inhalte unserer Seiten wurden mit größter Sorgfalt erstellt. Für die Richtigkeit, Vollständigkeit und Aktualität der Inhalte können wir jedoch keine Gewähr übernehmen. Als Diensteanbieter sind wir gemäß § 7 Abs.1 TMG für eigene Inhalte auf diesen Seiten nach den allgemeinen Gesetzen verantwortlich. Nach §§ 8 bis 10 TMG sind wir als Diensteanbieter jedoch nicht verpflichtet, übermittelte oder gespeicherte fremde Informationen zu überwachen oder nach Umständen zu forschen, die auf eine rechtswidrige Tätigkeit hinweisen. Verpflichtungen zur Entfernung oder Sperrung der Nutzung von Informationen nach den allgemeinen Gesetzen bleiben hiervon unberührt. Eine diesbezügliche Haftung ist jedoch erst ab dem Zeitpunkt der Kenntnis einer konkreten Rechtsverletzung möglich. Bei Bekanntwerden von entsprechenden Rechtsverletzungen werden wir diese Inhalte umgehend entfernen.</p>
<p>Unser Angebot enthält Links zu externen Webseiten Dritter, auf deren Inhalte wir keinen Einfluss haben. Deshalb können wir für diese fremden Inhalte auch keine Gewähr übernehmen. Für die Inhalte der verlinkten Seiten ist stets der jeweilige Anbieter oder Betreiber der Seiten verantwortlich. Die verlinkten Seiten wurden zum Zeitpunkt der Verlinkung auf mögliche Rechtsverstöße überprüft. Rechtswidrige Inhalte waren zum Zeitpunkt der Verlinkung nicht erkennbar. Eine permanente inhaltliche Kontrolle der verlinkten Seiten ist jedoch ohne konkrete Anhaltspunkte einer Rechtsverletzung nicht zumutbar. Bei Bekanntwerden von Rechtsverletzungen werden wir derartige Links umgehend entfernen.</p>
	</div>
</div>		</div>
	</div>
</div><div id="column-69f45ba952edb" class="fw-col-sm-6 tf-sh-bf08be405439e4ec2e77b20bee5be5f8" >
	<div class="fw-wrap-col-inner clearfix"   >
				<div class="fw-col-inner">
			<div class="fw-text-box tf-sh-d09eb27a27378709e05f7740ef5444e7" >
	<div class="fw-text-inner">
		<p><strong>Urheberrecht</strong><br />Die durch die Seitenbetreiber erstellten bzw. verwendeten Inhalte und Werke auf diesen Seiten unterliegen dem deutschen Urheberrecht. Die Vervielfältigung, Bearbeitung, Verbreitung und jede Art der Verwertung außerhalb der Grenzen des Urheberrechtes bedürfen der Zustimmung des jeweiligen Autors bzw. Erstellers. Downloads und Kopien dieser Seite sind nur für den privaten, nicht kommerziellen Gebrauch gestattet. Soweit die Inhalte auf dieser Seite nicht vom Betreiber erstellt wurden, werden die Urheberrechte Dritter beachtet. Insbesondere werden Inhalte Dritter als solche gekennzeichnet. Sollten Sie trotzdem auf eine Urheberrechtsverletzung aufmerksam werden, bitten wir um einen entsprechenden Hinweis. Bei Bekanntwerden von Rechtsverletzungen werden wir derartige Inhalte umgehend entfernen.</p>
<p><strong>© Copyright<br /></strong>Alle Rechte vorbehalten. Text, Bilder, Grafiken, Sound, Animationen und Videos sowie deren Anordnung unterliegen dem Schutz des Urheberrechts und anderer Schutzgesetze. Der Inhalt dieser Webseites darf nicht zu kommerziellen Zwecken kopiert, verbreitet, verändert oder Dritten zugänglich gemacht werden.</p>
<p><strong>Privacy statement<br /></strong>Die Betreiber dieser Seiten nehmen den Schutz Ihrer persönlichen Daten sehr ernst. Wir behandeln Ihre personenbezogenen Daten vertraulich und entsprechend der gesetzlichen Datenschutzvorschriften sowie dieser <a href="https://alpin-pro.at/en/datenschutz/">Privacy statement</a>.</p>
<p>Sollten zukünftig Änderungen unserer Datenschutzerklärung vorgenommen werden, so werden die Änderungen stets auf diesen Seiten zu finden sein.</p>
<p>Die Nutzung unserer Webseite ist in der Regel ohne Angabe personenbezogener Daten möglich. Soweit auf unseren Seiten personenbezogene Daten (beispielsweise Name, Anschrift oder E-Mail-Adressen) erhoben werden, erfolgt dies, soweit möglich, stets auf freiwilliger Basis. Diese Daten werden ohne Ihre ausdrückliche Zustimmung nicht an Dritte weitergegeben.</p>
<p>Wir weisen darauf hin, dass die Datenübertragung im Internet (z.B. bei der Kommunikation per E-Mail) Sicherheitslücken aufweisen kann. Ein lückenloser Schutz der Daten vor dem Zugriff durch Dritte ist nicht möglich.</p>
<p><strong>Kontaktformular<br /></strong>Wenn Sie uns per Kontaktformular Anfragen zukommen lassen, werden Ihre Angaben aus dem Anfrageformular inklusive der von Ihnen dort angegebenen Kontaktdaten zwecks Bearbeitung der Anfrage und für den Fall von Anschlussfragen bei uns gespeichert. Diese Daten geben wir nicht ohne Ihre Einwilligung weiter.</p>
	</div>
</div>		</div>
	</div>
</div></div>

	</div>
	</section><section   class="fw-main-row  auto  fw-section-position-back"    >
			<div class="fw-container" >
		<div class="fw-row">
	<div id="column-69f45ba953369" class="fw-col-sm-12 tf-sh-2018473abe6cbabb7a52405b534c9893" >
	<div class="fw-wrap-col-inner clearfix"   >
				<div class="fw-col-inner">
			<div class="fw-text-box tf-sh-58294577318244a5ee1a9e0b01f3ca3b" >
	<div class="fw-text-inner">
			</div>
</div>		</div>
	</div>
</div></div>

	</div>
	</section></p>

<p>Impressum Christian WartuschSt. Mang Straße 46bAT &#8211; 6600 Lechaschau Telefon: +43 (0)676 746 02 46E-Mail:&#99;&#x68;&#x72;i&#115;&#x74;i&#97;&#x6e;&#x40;&#97;&#x6c;&#x70;i&#110;&#x2d;p&#114;&#x6f;&#x2e;&#97;&#x74; Inhaltlich Verantwortliche:Christian Wartusch Bildnachweise© Pixabay© Freepik© Michiel Rotgans Icon-Font Nachweis© Dave Gandy | lizenziert SIL OFL 1.1, Code MIT-License, CC by 3.0 Hinweis zur StreitbeilegungDie Europäische Kommission stellt unter „http://ec.europa.eu/consumers/odr/“ eine Plattform zur außergerichtlichen Online-Streitbeilegung (sog. OS-Plattform) bereit. Information nach [&hellip;]</p>
